(o) = -8*o**2 + o. Determine z(1).
-7
Let r(x) = -13*x - 11. Calculate r(-1).
2
Let b(l) = l**3 - 7*l**2 + 5*l - 2. What is b(6)?
-8
Let g(d) = d**3 - 19*d**2 - 40*d - 41. Determine g(21).
1
Let n(v) = -2*v**3 - 11*v**2 + 32*v + 159. Give n(-6).
3
Let j(p) = p**2 + 5*p - 11. Give j(-7).
3
Let g(u) = -2*u**3 + 6*u - 5. Give g(2).
-9
Let k(r) = -r**2 + 3*r + 2. Give k(-2).
-8
Let n(j) = -2*j**3 + j**2 - j + 1. Calculate n(1).
-1
Let b(t) = -t**3 + 6*t**2 + 16*t + 8. What is b(8)?
8
Let a(u) = 10*u + 28. Calculate a(-3).
-2
Let u(b) = -5*b**2 - 19*b - 8. What is u(-5)?
-38
Let z(a) = -a**2 - a. Give z(0).
0
Let z(o) = o**2 - o - 3. Calculate z(4).
9
Let f(q) = -q**3 + 3*q**2 + 28*q + 5. Give f(7).
5
Let y(d) = -8*d + 42. Give y(9).
-30
Let i(k) = -k**3 + 9*k**2 - 8*k + 23. Give i(8).
23
Let i(w) = -2*w**2 + 25*w - 66. Determine i(8).
6
Let m(b) = -2*b - 26. Give m(-8).
-10
Let f(h) = 2*h**3 + 33*h**2 + 14*h - 51. What is f(-16)?
-19
Let s(a) = 30*a**2 - 2*a - 1. Give s(-1).
31
Let q(g) = g**3 - 6*g**2 - 12*g + 1. What is q(-2)?
-7
Let q(f) = 2*f**2 + 9*f + 2. Calculate q(-4).
-2
Let t(p) = p**2 - 18*p - 25. Give t(19).
-6
Let q(y) = -38*y - 151. What is q(-4)?
1
Let a(g) = g**3 + 10*g**2 - 3*g + 85. Give a(-11).
-3
Let f(t) = -48*t - 1. What is f(-1)?
47
Let c(x) = 52*x**3 - 2*x**2 + 1. Give c(-1).
-53
Let f(w) = w**3 - 5*w**2 + 2*w - 1. Determine f(3).
-13
Let c(u) = 3*u**2 + 20*u - 2. Give c(-6).
-14
Let z(c) = c**2 + 2*c - 3. Determine z(-6).
21
Let g(r) = r**2 + 6. Calculate g(6).
42
Let l(n) = -2*n**3 - 6*n**2 + n - 9. Give l(-4).
19
Let c(s) = s**3 - 6*s**2 - 14. Calculate c(5).
-39
Let a(w) = -6*w + 5. Determine a(2).
-7
Let o(n) = -18*n**2 + n + 2. Give o(-1).
-17
Let q(y) = -8*y**2 + 1. Give q(-1).
-7
Let n(a) = 8*a**2 + 2*a - 1. Calculate n(1).
9
Let v(u) = -3*u**3 + u**2 + u + 10. Give v(2).
-8
Let b(a) = -a**3 + 5*a**2 + 8*a + 6. Give b(6).
18
Let p(y) = -5*y**2 + 4*y - 2. Determine p(2).
-14
Let h(r) = 2*r**2 + 10*r - 5. What is h(-5)?
-5
Let y(g) = g**2 - 104. What is y(9)?
-23
Let t(j) = j**3 + 23*j**2 + 47*j + 113. Determine t(-21).
8
Let o(c) = -c**2 - 9*c + 13. What is o(-10)?
3
Let k(z) = 2*z**3 + 7*z**2 + 6*z - 6. Give k(-6).
-222
Let w(t) = -2*t**3 - 14*t**2 - 13*t - 8. Give w(-6).
-2
Let o(d) = d**2 - 8*d + 16. Give o(7).
9
Let t(l) = -l**2 - 21*l + 129. Calculate t(-26).
-1
Let t(f) = 2*f**3 - 8*f**2 - 9*f. Calculate t(5).
5
Let r(s) = s**3 + 8*s**2 - 8*s + 13. Determine r(-9).
4
Let f(p) = -15*p**2 - 8*p + 10. Give f(1).
-13
Let g(n) = 2*n**3 + 16*n**2 - 16*n + 10. Give g(-9).
-8
Let j(y) = 34*y + 3. What is j(1)?
37
Let p(g) = g**3 - g**2 - g + 18. Determine p(0).
18
Let a(y) = -y**3 + 7*y**2 - 2*y - 6. Give a(6).
18
Let v(w) = -2*w**2 - 3*w - 1. Calculate v(-2).
-3
Let d(i) = i**2 - 6*i + 3. Determine d(4).
-5
Let h(r) = 9*r + 57. What is h(-7)?
-6
Let x(v) = -v**2 - 14*v - 19. Give x(-13).
-6
Let v(i) = 2*i**2 + 50*i + 275. Give v(-8).
3
Let d(f) = -50*f - 246. Give d(-5).
4
Let o(h) = h**3 + 4*h**2 + 4*h + 2. Calculate o(-2).
2
Let g(k) = 8*k**2 - 33*k + 32. Calculate g(1).
7
Let y(r) = -r**2 + 2*r + 6. What is y(3)?
3
Let h(l) = 20*l**3 + 2*l + 2. Give h(-1).
-20
Let m(w) = -26*w**3 + 3*w**2 - 7*w + 5. Give m(2).
-205
Let p(l) = l**2 - 2*l - 3. What is p(0)?
-3
Let b(p) = -3*p**3 + p**2 + p - 1. What is b(-1)?
2
Let m(i) = i**3 - 12*i**2 + 18*i + 15. Determine m(10).
-5
Let q(y) = 46*y - 239. What is q(5)?
-9
Let o(u) = u**3 - 6*u**2 - 5. What is o(6)?
-5
Let h(n) = -n**3 - 21*n**2 - 1. What is h(-21)?
-1
Let b(v) = 2*v**2 + 13*v - 6. Determine b(-6).
-12
Let p(r) = 9*r**2 - 22*r - 1. What is p(2)?
-9
Let f(i) = 15*i - 15. What is f(1)?
0
Let o(g) = g**2 + 10*g + 11. Calculate o(-6).
-13
Let s(r) = 3*r**2 + 21*r + 34. Calculate s(-4).
-2
Let p(v) = -14*v - 692. Determine p(-50).
8
Let m(f) = 3*f - 7. What is m(5)?
8
Let k(t) = t**3 - 4*t**2 - 3*t + 12. Calculate k(4).
0
Let u(d) = 2*d - 6. Give u(8).
10
Let j(n) = n**3 - 5*n**2 + 5*n - 2. Give j(4).
2
Let z(x) = -x**3 + 7*x**2 - 17*x + 12. Calculate z(4).
-8
Let h(i) = i**3 - 7*i**2 - 14*i - 15. Give h(9).
21
Let y(f) = f**3 - 9*f**2 + 3*f + 3. What is y(9)?
30
Let s(d) = -d**2 + 2. What is s(2)?
-2
Let l(i) = 3*i**2 + i + 2. What is l(3)?
32
Let f(n) = 6*n + 59. What is f(-8)?
11
Let v(d) = d**3 - 7*d**2 - d + 15. Determine v(7).
8
Let s(d) = 6*d - 13. Give s(6).
23
Let g(c) = 36*c - 719. Calculate g(20).
1
Let x(s) = -2*s**2 + 33*s + 18. Determine x(17).
1
Let s(a) = -8*a**2 - 6*a - 6. What is s(-1)?
-8
Let u(w) = -24*w**2 + 2*w + 1. Calculate u(-1).
-25
Let j(d) = -46*d + 5. What is j(2)?
-87
Let w(c) = c**2 - 2*c - 2. Calculate w(7).
33
Let l(x) = -x**2 + x - 2. Determine l(-4).
-22
Let r(d) = -14*d. What is r(-3)?
42
Let a(v) = -v**2 + 6*v + 4. What is a(3)?
13
Let u(z) = 11*z**2 + z - 2. Determine u(3).
100
Let s(h) = -h**2 - 4*h + 7. Determine s(2).
-5
Let x(s) = 36*s**2 + s + 1. What is x(-1)?
36
Let g(c) = c**3 + 79*c**2 - 165*c - 249. Determine g(-81).
-6
Let w(l) = -20*l**2 + l - 1. Give w(1).
-20
Let d(k) = 2*k**2 - 5*k - 49. Determine d(8).
39
Let y(n) = n**3 - 7*n**2 - 12*n + 19. Give y(8).
-13
Let m(l) = l**3 + 5*l**2 + 5*l - 2. What is m(-4)?
-6
Let b(z) = -z**2 - 50*z + 219. What is b(4)?
3
Let d(q) = -3*q**2 - 35*q - 27. Give d(-11).
-5
Let a(i) = 3*i + 7. Determine a(4).
19
Let j(o) = -o**3 + 6*o**2 + 8*o + 9. Give j(7).
16
Let y(k) = k**3 - 14*k**2 + 14*k - 14. Give y(13).
-1
Let o(u) = -u**3 + 7*u**2 + 28*u + 19. Determine o(11).
-157
Let n(d) = -5*d - 94. Determine n(-27).
41
Let g(i) = -i**3 - 3*i**2 - 6*i + 8. Give g(-4).
48
Let l(y) = -y**2 - 30*y + 17. Calculate l(-27).
98
Let w(c) = -41*c**2 - 3*c + 1. Give w(1).
-43
Let r(h) = -h**2 + 8*h + 172. Determine r(18).
-8
Let k(r) = -r**3 + 12*r**2 + 18*r + 135. Give k(14).
-5
Let i(c) = c**3 + 29*c**2 - 52*c + 316. What is i(-31)?
6
Let u(c) = -c + 9. Give u(14).
-5
Let i(h) = h**2 - 8*h + 18. Give i(7).
11
Let f(u) = -u - 21. Give f(-10).
-11
Let f(j) = j**2 + 11*j - 7. Determine f(-13).
19
Let f(q) = q**2 - 15*q + 59. Calculate f(8).
3
Let r(q) = -q**3 + 7*q**2 - 8*q + 8. Calculate r(6).
-4
Let w(p) = -p**2 + p + 1. Give w(-1).
-1
Let r(i) = 5*i + 35. Give r(14).
105
Let o(t) = -2*t**2 + 38*t - 170. Give o(11).
6
Let p(s) = -s**2 - 3*s + 10. Determine p(4).
-18
Let y(w) = -w**3 - w + 1. Give y(1).
-1
Let d(c) = c**3 - 46*c**2 + 130*c - 44. What is d(43)?
-1
Let g(b) = -b + 8. Calculate g(6).
2
Let b(l) = 2*l**3 - 4*l**2 + l - 6. What is b(3)?
15
Let m(a) = a**3 + 11*a**2 + 16*a - 22. Determine m(-9).
-4
Let m(b) = -68*b**2 - 4*b + 2. Determine m(1).
-70
Let k(f) = f**3 - f - 119. Calculate k(0).
-119
Let y(d) = d**3 + 24*d**2 - 26*d - 35. What is y(-25)?
-10
Let o(x) = -x - 4. What is o(-2)?
-2
Let r(g) = 3*g**2 - 157*g + 210. Determine r(51).
6
Let y(i) = i**3 - 15*i**2 - 8*i + 6. Determine y(0).
6
Let b(f) = 2*f**3 + 3*f**2 + 5*f + 7. Give b(-2).
-7
Let r(k) = 2*k + 4. Give r(-3).
-2
Let o(d) = d**3 - 5*d**2 + 3. What is o(4)?
-13
Let l(p) = -16*p**3 + 2*p**2 - 3*p + 2. Calculate l(1).
-15
Let w(g) = -14*g + 187. Determine w(13).
5
Let l(q) = q**2 - 3*q - 35. Determine l(-5).
5
Let p(f) = -f**2 - 10*f - 5. What is p(-9)?
4
Let x(m) = -2*m**3 - 3*m**2 + m + 3. Determine x(-2).
5
Let u(y) = -y**3 + 7*y**2 + 9*y + 6. Calculate u(8).
14
Let z(f) = f**3 - 7*f**2 + 8*f + 10. Calculate z(5).
0
Let r(j) = 3*j + 5. What is r(-6)?
-13
Let f(x) = -x**3 - 3*x**2 + 2*x - 1. What is f(-4)?
7
Let r(p) = p**3 - 5*p**2 - 3*p + 6. Give r(5).
-9
Let l(w) = -w - 10. Determine l(-23).
13
Let z(m) = m**3 - 10*m - 8. What is z(5)?
67
Let x(u) = u**3 - u. Calculate x(1).
0
Let w(v) = -32*v - 117. Calculate w(-4).
11
Let n(c) = -58*c**2 - 2*c - 1. What is n(-1)?
-57
Let c(d) = -d**3 + 7*d**2 - 13*d + 8. Give c(5).
-7
Let x(t) = -t**2 + 7*t - 5. Determine x(5).
5
Let g(s) = -2*s**3 - 2*s**2 + s. What is g(1)?
-3
Let h(z) = -z**2 + 12. What is h(0)?
12
Let l(i) = i**2 + 7*i - 27. Determine l(-8).
-19
Let q(w) = 2*w**3 + 4*w**2 - 3*w - 6. Give q(-3).
-15
Let g(p) = 22*p**2 - 4*p - 5. What is g(-2)?
91
Let h(t) = t**3 - 15*t**2 - 17*t - 1. Give h(16).
-17
Let x(b) = -4*b - 2. Give x(4).
-18
Let b(l) = l**2 + 14*l + 56. What is b(-7)?
7
Let g(r) = 3*r - 72. Give g(26).
6
Let u(z) = 23*z**3 + z**2. Give u(-2).
-180
Le